?
2, 7, 37, 2207
What are the prime factors of 277700?
2, 5, 2777
What are the prime factors of 4770609?
3, 1590203
What are the prime factors of 4478230?
2, 5, 447823
What are the prime factors of 107028?
2, 3, 991
What are the prime factors of 3954371?
3954371
What are the prime factors of 1766010?
2, 3, 5, 37, 43
What are the prime factors of 203173?
203173
What are the prime factors of 29694?
2, 3, 7, 101
What are the prime factors of 22177568?
2, 7, 181, 547
What are the prime factors of 690092?
2, 13, 23, 577
List the prime factors of 90331.
103, 877
List the prime factors of 2232536.
2, 29, 9623
What are the prime factors of 41422?
2, 139, 149
What are the prime factors of 971689?
491, 1979
List the prime factors of 6680926.
2, 7, 477209
What are the prime factors of 1356132?
2, 3, 113011
What are the prime factors of 838930?
2, 5, 43, 1951
What are the prime factors of 1085711?
11, 89, 1109
List the prime factors of 1118681.
563, 1987
What are the prime factors of 3174122?
2, 7, 661
What are the prime factors of 21930180?
2, 3, 5, 19, 19237
List the prime factors of 7024.
2, 439
List the prime factors of 4281901.
13, 227, 1451
What are the prime factors of 9156748?
2, 283, 8089
List the prime factors of 1431511.
1431511
List the prime factors of 764577.
3, 11, 7723
What are the prime factors of 3020404?
2, 197, 3833
What are the prime factors of 9669630?
2, 3, 5, 157, 2053
What are the prime factors of 741018?
2, 3, 123503
List the prime factors of 1037824.
2, 2027
List the prime factors of 152139.
3, 13, 47, 83
List the prime factors of 36725.
5, 13, 113
List the prime factors of 4129213.
11, 19, 23, 859
What are the prime factors of 11376806?
2, 7, 307, 2647
What are the prime factors of 2456010?
2, 3, 5, 29, 941
List the prime factors of 387916.
2, 96979
What are the prime factors of 232961?
232961
List the prime factors of 1386305.
5, 277261
What are the prime factors of 63767?
11, 17, 31
List the prime factors of 808262.
2, 7, 13, 4441
What are the prime factors of 1475766?
2, 3, 27329
What are the prime factors of 9482404?
2, 31, 76471
List the prime factors of 763753.
763753
List the prime factors of 1740883.
503, 3461
What are the prime factors of 2230035?
3, 5, 148669
What are the prime factors of 1833172?
2, 11, 61, 683
What are the prime factors of 1670624?
2, 17, 37, 83
List the prime factors of 606200.
2, 5, 7, 433
List the prime factors of 2815421.
7, 17, 59, 401
List the prime factors of 2897420.
2, 5, 277, 523
What are the prime factors of 107217?
3, 11, 19
What are the prime factors of 288739?
11, 26249
What are the prime factors of 4422349?
211, 20959
What are the prime factors of 3253131?
3, 7, 51637
List the prime factors of 31561456.
2, 1972591
List the prime factors of 834889.
11, 71, 1069
List the prime factors of 22663822.
2, 17, 67, 9949
What are the prime factors of 773748?
2, 3, 21493
What are the prime factors of 48938?
2, 24469
What are the prime factors of 448053?
3, 149351
What are the prime factors of 1635328?
2, 1597
List the prime factors of 7638677.
71, 271, 397
List the prime factors of 306377.
306377
What are the prime factors of 237144?
2, 3, 41, 241
List the prime factors of 2296521.
3, 109, 2341
List the prime factors of 739180.
2, 5, 13, 2843
List the prime factors of 17150522.
2, 313, 27397
List the prime factors of 32886028.
2, 7, 137, 8573
What are the prime factors of 4563145?
5, 457, 1997
What are the prime factors of 6188386?
2, 53, 79, 739
What are the prime factors of 171549?
3, 7, 389
List the prime factors of 1317088.
2, 79, 521
List the prime factors of 376170.
2, 3, 5, 12539
What are the prime factors of 312708?
2, 3, 11, 23, 103
List the prime factors of 827972.
2, 206993
What are the prime factors of 2155545?
3, 5, 7, 2281
What are the prime factors of 200403?
3, 7, 3181
What are the prime factors of 254386?
2, 11, 31, 373
List the prime factors of 2765940.
2, 3, 5, 46099
What are the prime factors of 2923112?
2, 19, 19231
What are the prime factors of 2698639?
71, 191, 199
What are the prime factors of 2700094?
2, 1350047
List the prime factors of 1071.
3, 7, 17
What are the prime factors of 24157262?
2, 1069, 11299
What are the prime factors of 31019135?
5, 7, 17, 37, 1409
What are the prime factors of 10015?
5, 2003
List the prime factors of 558310.
2, 5, 31, 1801
What are the prime factors of 400117?
31, 12907
List the prime factors of 2609750.
2, 5, 11, 13, 73
What are the prime factors of 395336?
2, 49417
List the prime factors of 406037.
406037
What are the prime factors of 105637?
7, 15091
What are the prime factors of 16809245?
5, 373, 9013
What are the prime factors of 23558401?
977, 24113
List the prime factors of 633864.
2, 3, 7, 11
List the prime factors of 2323639.
1321, 1759
List the prime factors of 108777.
3, 101, 359
What are the prime factors of 324550?
2, 5, 6491
List the prime factors of 199604.
2, 139, 359
List the prime factors of 26133790.
2, 5, 163, 16033
What are the prime factors of 265331?
11, 24121
What are the prime factors of 201241?
53, 3797
List the prime factors of 978643.
978643
List the prime factors of 4129953.
3, 659, 2089
List the prime factors of 2850173.
2850173
List the prime factors of 1099995.
3, 5, 13, 5641
List the prime factors of 252738.
2, 3, 19, 739
What are the prime factors of 23415686?
2, 7, 1672549
What are the prime factors of 1239360?
2, 3, 5, 1291
What are the prime factors of 92634?
2, 3, 15439
List the prime factors of 545106.
2, 3, 47, 1933
List the prime factors of 211025.
5, 23, 367
List the prime factors of 20216224.
2, 7, 12893
List the prime factors of 5958610.
2, 5, 7, 23, 3701
List the prime factors of 3787965.
3, 5, 47, 199
What are the prime factors of 248137?
248137
List the prime factors of 18876160.
2, 5, 14747
What are the prime factors of 6153425?
5, 101, 2437
List the prime factors of 1640159.
47, 34897
What are the prime factors of 4939217?
1741, 2837
What are the prime factors of 369580?
2, 5, 17, 1087
List the prime factors of 1672719.
3, 557573
What are the prime factors of 37435849?
11, 3403259
List the prime factors of 777461.
17, 19, 29, 83
List the prime factors of 86245.
5, 47, 367
List the prime factors of 758708.
2, 19, 67, 149
What are the prime factors of 18179780?
2, 5, 67, 13567
What are the prime factors of 2065946?
2, 19, 54367
What are the prime factors of 7682656?
2, 409, 587
What are the prime factors of 137456?
2, 11, 71
What are the prime factors of 150439?
150439
What are the prime factors of 488974?
2, 109, 2243
List the prime factors of 2052677.
11, 191, 977
What are the prime factors of 353055?
3, 5, 23537
What are the prime factors of 26475?
3, 5, 353
What are the prime factors of 2793661?
13, 17, 12641
What are the prime factors of 1908512?
2, 19, 43, 73
What are the prime factors of 3747626?
2, 389, 4817
What are the prime factors of 8672?
2, 271
What are the prime factors of 15017231?
15017231
List the prime factors of 2795962.
2, 13, 53, 2029
What are the prime factors of 2080172?
2, 520043
What are the prime factors of 486710?
2, 5, 7, 17, 409
List the prime factors of 249647.
249647
What are the prime factors of 1615633?
1615633
What are the prime factors of 2254197?
3, 11, 83, 823
What are the prime factors of 690331?
199, 3469
List the prime factors of 3164630.
2, 5, 7, 53, 853
List the prime factors of 439447.
467, 941
What are the prime factors of 363144?
2, 3, 15131
What are the prime factors of 87723?
3, 19
What are the prime factors of 2811669?
3, 7, 31, 617
What are the prime factors of 1266258?
2, 3, 7, 59, 73
List the prime factors of 4908110.
2, 5, 41, 11971
What are the prime factors of 312168?
2, 3, 13007
What are the prime factors of 6411592?
2, 11, 72859
What are the prime factors of 4378740?
2, 3, 5, 19, 23, 167
List the prime factors of 649290.
2, 3, 5, 23, 941
List the prime factors of 943716.
2, 3, 78643
What are the prime factors of 321585?
3, 5, 11, 1949
What are the prime factors of 1930893?
3, 59, 10909
List the prime factors of 523918.
2, 261959
List the prime factors of 1197066.
2, 3, 13, 103, 149
What are the prime factors of 91489?
191, 479
List the prime factors of 4055873.
19, 213467
List the prime factors of 849502.
2, 269, 1579
List the pri